hat is the hundreds digit of 7328?
3
What is the tens digit of 694?
9
What is the units digit of 1820?
0
What is the units digit of 320?
0
What is the hundreds digit of 16677?
6
What is the tens digit of 195?
9
What is the hundreds digit of 11106?
1
What is the hundreds digit of 36697?
6
What is the units digit of 358?
8
What is the thousands digit of 152902?
2
What is the tens digit of 1257?
5
What is the units digit of 37570?
0
What is the hundred thousands digit of 137957?
1
What is the thousands digit of 5558?
5
What is the units digit of 9734?
4
What is the ten thousands digit of 30976?
3
What is the hundred thousands digit of 119095?
1
What is the thousands digit of 18232?
8
What is the tens digit of 8566?
6
What is the units digit of 156895?
5
What is the tens digit of 10182?
8
What is the hundreds digit of 3853?
8
What is the thousands digit of 30327?
0
What is the thousands digit of 44169?
4
What is the tens digit of 1926?
2
What is the thousands digit of 5384?
5
What is the hundreds digit of 1015?
0
What is the units digit of 1681?
1
What is the tens digit of 2231?
3
What is the tens digit of 1434?
3
What is the hundreds digit of 57798?
7
What is the tens digit of 1287?
8
What is the hundreds digit of 148?
1
What is the thousands digit of 12744?
2
What is the thousands digit of 40314?
0
What is the hundreds digit of 1379?
3
What is the units digit of 60181?
1
What is the units digit of 1540?
0
What is the thousands digit of 4140?
4
What is the units digit of 5974?
4
What is the thousands digit of 3310?
3
What is the hundreds digit of 2132?
1
What is the units digit of 312?
2
What is the thousands digit of 23649?
3
What is the units digit of 59?
9
What is the units digit of 10?
0
What is the tens digit of 3970?
7
What is the thousands digit of 1761?
1
What is the units digit of 30340?
0
What is the ten thousands digit of 23446?
2
What is the hundreds digit of 2272?
2
What is the units digit of 96146?
6
What is the ten thousands digit of 57650?
5
What is the hundreds digit of 2132?
1
What is the thousands digit of 6046?
6
What is the tens digit of 479?
7
What is the hundreds digit of 8304?
3
What is the hundreds digit of 1103?
1
What is the thousands digit of 9036?
9
What is the hundreds digit of 1120?
1
What is the tens digit of 8409?
0
What is the tens digit of 116487?
8
What is the ten thousands digit of 22579?
2
What is the ten thousands digit of 106112?
0
What is the hundreds digit of 51423?
4
What is the units digit of 9835?
5
What is the thousands digit of 1931?
1
What is the tens digit of 25222?
2
What is the units digit of 747?
7
What is the hundreds digit of 77487?
4
What is the thousands digit of 1545?
1
What is the hundred thousands digit of 119537?
1
What is the tens digit of 2302?
0
What is the tens digit of 370?
7
What is the units digit of 76?
6
What is the tens digit of 41382?
8
What is the tens digit of 58220?
2
What is the tens digit of 18373?
7
What is the thousands digit of 6076?
6
What is the thousands digit of 1026?
1
What is the units digit of 3461?
1
What is the tens digit of 7593?
9
What is the hundreds digit of 60844?
8
What is the units digit of 12265?
5
What is the hundreds digit of 3235?
2
What is the tens digit of 546?
4
What is the thousands digit of 1867?
1
What is the units digit of 685?
5
What is the units digit of 11336?
6
What is the units digit of 22338?
8
What is the units digit of 12660?
0
What is the hundreds digit of 14159?
1
What is the tens digit of 14?
1
What is the thousands digit of 2456?
2
What is the hundreds digit of 6526?
5
What is the thousands digit of 56844?
6
What is the tens digit of 663?
6
What is the tens digit of 35525?
2
What is the thousands digit of 37276?
7
What is the hundreds digit of 4562?
5
What is the thousands digit of 1291?
1
What is the units digit of 13119?
9
What is the ten thousands digit of 33271?
3
What is the units digit of 17710?
0
What is the tens digit of 683?
8
What is the hundreds digit of 69290?
2
What is the thousands digit of 1010?
1
What is the tens digit of 884?
8
What is the units digit of 7173?
3
What is the tens digit of 77278?
7
What is the tens digit of 26?
2
What is the tens digit of 10325?
2
What is the units digit of 64290?
0
What is the units digit of 3799?
9
What is the hundreds digit of 123?
1
What is the hundreds digit of 1645?
6
What is the units digit of 57796?
6
What is the thousands digit of 9489?
9
What is the units digit of 2395?
5
What is the hundreds digit of 1413?
4
What is the tens digit of 184487?
8
What is the tens digit of 44702?
0
What is the hundreds digit of 3981?
9
What is the units digit of 714?
4
What is the units digit of 629?
9
What is the tens digit of 128?
2
What is the units digit of 30934?
4
What is the thousands digit of 1879?
1
What is the tens digit of 942?
4
What is the hundreds digit of 3463?
4
What is the hundreds digit of 123645?
6
What is the thousands digit of 81897?
1
What is the units digit of 1944?
4
What is the hundreds digit of 573?
5
What is the thousands digit of 2447?
2
What is the tens digit of 10011?
1
What is the units digit of 2294?
4
What is the units digit of 8112?
2
What is the units digit of 1822?
2
What is the hundreds digit of 8605?
6
What is the hundreds digit of 20920?
9
What is the hundreds digit of 2157?
1
What is the units digit of 44318?
8
What is the hundreds digit of 43432?
4
What is the hundreds digit of 5588?
5
What is the units digit of 101816?
6
What is the hundreds digit of 23523?
5
What is the tens digit of 1269?
6
What is the units digit of 5768?
8
What is the thousands digit of 9210?
9
What is the thousands digit of 4687?
4
What is the hundreds digit of 1241?
2
What is the units digit of 11142?
2
What is the hundreds digit of 51906?
9
What is the ten thousands digit of 46985?
4
What is the tens digit of 202?
0
What is the ten thousands digit of 25957?
2
What is the thousands digit of 2705?
2
What is the hundred thousands digit of 182548?
1
What is the tens digit of 28684?
8
What is the hundreds digit of 71334?
3
What is the ten thousands digit of 24574?
2
What is the units digit of 130?
0
What is the hundreds digit of 40456?
4
What is the units digit of 2429?
9
What is the tens digit of 3567?
6
What is the units digit of 526?
6
What is the tens digit of 2135?
3
What is the hundreds digit of 154130?
1
What is the hundreds digit of 2397?
3
What is the tens digit of 9669?
6
What is the thousands digit of 55602?
5
What is the thousands digit of 26871?
6
What is the thousands digit of 37078?
7
What is the units digit of 109760?
0
What is the tens digit of 596?
9
What is the hundreds digit of 193984?
9
What is the units digit of 806?
6
What is the tens digit of 7366?
6
What is the hundreds digit of 527?
5
What is the units digit of 9916?
6
What is the units digit of 12055?
5
What is the units digit of 2215?
5
What is the tens digit of 420?
2
What is the ten thousands digit of 47151?
4
What is the hundreds digit of 1208?
2
What is the units digit of 3339?
9
What is the units digit of 99?
9
What is the hundreds digit of 48620?
6
What is the units digit of 105?
5
What is the tens digit of 5250?
5
What is the tens digit of 993?
9
What is the thousands digit of 9002?
9
What is the units digit of 1333?
3
What is the tens digit of 2131?
3
What is the tens digit of 14218?
1
What is the tens digit of 8627?
2
What is the thousands digit of 152140?
2
What is the thousands digit of 3195?
3
What is the hundreds digit of 13988?
9
What is the units digit of 4223?
3
What is the units digit of 1569?
9
What is the ten thousands digit of 18524?
1
What is the tens digit of 807?
0
What is the tens digit of 152?
5
What is the tens digit of 338?
3
What is the hundreds digit of 121391?
3
What is the units digit of 58333?
3
What is the thousands digit of 34788?
4
What is the tens digit of 54?
5
What is the thousands digit of 10569?
0
What is the tens digit of 966?
6
What is the units digit of 525?
5
What is the hundreds digit of 18625?
6
What is the tens digit of 8059?
5
What is the thousands digit of 63006?
3
What is the tens digit of 6245?
4
What is the thousands digit of 8470?
8
What is the tens digit of 2796?
9
What is the hundreds digit of 2385?
3
What is the tens digit of 12502?
0
What is th